
{"id":15554,"date":"2026-03-25T17:56:56","date_gmt":"2026-03-25T17:56:56","guid":{"rendered":"https:\/\/www.electoralcommission.ie\/?page_id=15554"},"modified":"2026-03-25T17:58:21","modified_gmt":"2026-03-25T17:58:21","slug":"treora-nua-go-raibh-maith-agat","status":"publish","type":"page","link":"https:\/\/www.electoralcommission.ie\/ga\/treonna-nua-taighde-chun-tacu-le-toghchain-agus-an-daonlathas-i-ndomhan-ata-ag-athru\/treora-nua-go-raibh-maith-agat\/","title":{"rendered":"Treora Nua &#8211; Go raibh maith agat"},"content":{"rendered":"\n<p>Bu\u00edochas leat as sp\u00e9is a l\u00e9iri\u00fa. Muna bhfuil \u00edosl\u00f3d\u00e1il tosaithe go huathoibr\u00edoch, is f\u00e9idir na\u00a0<a href=\"https:\/\/uat.electoralcommission.ie\/grant-application-pdf\" type=\"link\" id=\"https:\/\/uat.electoralcommission.ie\/grant-application-pdf\"><strong>c\u00e1ip\u00e9is\u00ed uilig a \u00edosl\u00f3d\u00e1il anseo<\/strong>.\u00a0<\/a><\/p>\n","protected":false},"excerpt":{"rendered":"<p>Bu\u00edochas leat as sp\u00e9is a l\u00e9iri\u00fa. Muna bhfuil \u00edosl\u00f3d\u00e1il tosaithe go huathoibr\u00edoch, is f\u00e9idir na\u00a0c\u00e1ip\u00e9is\u00ed uilig a \u00edosl\u00f3d\u00e1il anseo.\u00a0<\/p>\n","protected":false},"author":14,"featured_media":0,"parent":15549,"menu_order":0,"comment_status":"closed","ping_status":"closed","template":"","meta":{"_acf_changed":false,"_relevanssi_hide_post":"","_relevanssi_hide_content":"","_relevanssi_pin_for_all":"","_relevanssi_pin_keywords":"","_relevanssi_unpin_keywords":"","_relevanssi_related_keywords":"","_relevanssi_related_include_ids":"","_relevanssi_related_exclude_ids":"","_relevanssi_related_no_append":"","_relevanssi_related_not_related":"","_relevanssi_related_posts":"5025,14137,5015,9788,5039,9578","_relevanssi_noindex_reason":"","_uag_custom_page_level_css":"","footnotes":""},"class_list":["post-15554","page","type-page","status-publish","hentry"],"acf":[],"yoast_head":"<!-- This site is optimized with the Yoast SEO plugin v27.5 - https:\/\/yoast.com\/product\/yoast-seo-wordpress\/ -->\n<title>Treora Nua - Go raibh maith agat - Coimisi\u00fan Toghch\u00e1in<\/title>\n<meta name=\"robots\" content=\"index, follow, max-snippet:-1, max-image-preview:large, max-video-preview:-1\" \/>\n<link rel=\"canonical\" href=\"https:\/\/www.electoralcommission.ie\/ga\/treonna-nua-taighde-chun-tacu-le-toghchain-agus-an-daonlathas-i-ndomhan-ata-ag-athru\/treora-nua-go-raibh-maith-agat\/\" \/>\n<meta property=\"og:locale\" content=\"ga_IE\" \/>\n<meta property=\"og:type\" content=\"article\" \/>\n<meta property=\"og:title\" content=\"Treora Nua - Go raibh maith agat - Coimisi\u00fan Toghch\u00e1in\" \/>\n<meta property=\"og:description\" content=\"Bu\u00edochas leat as sp\u00e9is a l\u00e9iri\u00fa. Muna bhfuil \u00edosl\u00f3d\u00e1il tosaithe go huathoibr\u00edoch, is f\u00e9idir na\u00a0c\u00e1ip\u00e9is\u00ed uilig a \u00edosl\u00f3d\u00e1il anseo.\u00a0\" \/>\n<meta property=\"og:url\" content=\"https:\/\/www.electoralcommission.ie\/ga\/treonna-nua-taighde-chun-tacu-le-toghchain-agus-an-daonlathas-i-ndomhan-ata-ag-athru\/treora-nua-go-raibh-maith-agat\/\" \/>\n<meta property=\"og:site_name\" content=\"Coimisi\u00fan Toghch\u00e1in\" \/>\n<meta property=\"article:modified_time\" content=\"2026-03-25T17:58:21+00:00\" \/>\n<meta name=\"twitter:card\" content=\"summary_large_image\" \/>\n<meta name=\"twitter:label1\" content=\"Est. reading time\" \/>\n\t<meta name=\"twitter:data1\" content=\"1 minute\" \/>\n<script type=\"application\/ld+json\" class=\"yoast-schema-graph\">{\"@context\":\"https:\\\/\\\/schema.org\",\"@graph\":[{\"@type\":\"WebPage\",\"@id\":\"https:\\\/\\\/www.electoralcommission.ie\\\/ga\\\/treonna-nua-taighde-chun-tacu-le-toghchain-agus-an-daonlathas-i-ndomhan-ata-ag-athru\\\/treora-nua-go-raibh-maith-agat\\\/\",\"url\":\"https:\\\/\\\/www.electoralcommission.ie\\\/ga\\\/treonna-nua-taighde-chun-tacu-le-toghchain-agus-an-daonlathas-i-ndomhan-ata-ag-athru\\\/treora-nua-go-raibh-maith-agat\\\/\",\"name\":\"Treora Nua - Go raibh maith agat - Coimisi\u00fan Toghch\u00e1in\",\"isPartOf\":{\"@id\":\"https:\\\/\\\/www.electoralcommission.ie\\\/ga\\\/#website\"},\"datePublished\":\"2026-03-25T17:56:56+00:00\",\"dateModified\":\"2026-03-25T17:58:21+00:00\",\"breadcrumb\":{\"@id\":\"https:\\\/\\\/www.electoralcommission.ie\\\/ga\\\/treonna-nua-taighde-chun-tacu-le-toghchain-agus-an-daonlathas-i-ndomhan-ata-ag-athru\\\/treora-nua-go-raibh-maith-agat\\\/#breadcrumb\"},\"inLanguage\":\"ga-IE\",\"potentialAction\":[{\"@type\":\"ReadAction\",\"target\":[\"https:\\\/\\\/www.electoralcommission.ie\\\/ga\\\/treonna-nua-taighde-chun-tacu-le-toghchain-agus-an-daonlathas-i-ndomhan-ata-ag-athru\\\/treora-nua-go-raibh-maith-agat\\\/\"]}]},{\"@type\":\"BreadcrumbList\",\"@id\":\"https:\\\/\\\/www.electoralcommission.ie\\\/ga\\\/treonna-nua-taighde-chun-tacu-le-toghchain-agus-an-daonlathas-i-ndomhan-ata-ag-athru\\\/treora-nua-go-raibh-maith-agat\\\/#breadcrumb\",\"itemListElement\":[{\"@type\":\"ListItem\",\"position\":1,\"name\":\"Baile\",\"item\":\"https:\\\/\\\/www.electoralcommission.ie\\\/ga\\\/\"},{\"@type\":\"ListItem\",\"position\":2,\"name\":\"Treonna Nua \u2013 Taighde chun tac\u00fa le Toghch\u00e1in agus an Daonlathas i nDomhan at\u00e1 ag Athr\u00fa.\",\"item\":\"https:\\\/\\\/www.electoralcommission.ie\\\/ga\\\/treonna-nua-taighde-chun-tacu-le-toghchain-agus-an-daonlathas-i-ndomhan-ata-ag-athru\\\/\"},{\"@type\":\"ListItem\",\"position\":3,\"name\":\"Treora Nua &#8211; Go raibh maith agat\"}]},{\"@type\":\"WebSite\",\"@id\":\"https:\\\/\\\/www.electoralcommission.ie\\\/ga\\\/#website\",\"url\":\"https:\\\/\\\/www.electoralcommission.ie\\\/ga\\\/\",\"name\":\"Coimisi\u00fan Toghch\u00e1in\",\"description\":\"Ireland&#039;s Statutory, Independent Electoral Commission\",\"potentialAction\":[{\"@type\":\"SearchAction\",\"target\":{\"@type\":\"EntryPoint\",\"urlTemplate\":\"https:\\\/\\\/www.electoralcommission.ie\\\/ga\\\/?s={search_term_string}\"},\"query-input\":{\"@type\":\"PropertyValueSpecification\",\"valueRequired\":true,\"valueName\":\"search_term_string\"}}],\"inLanguage\":\"ga-IE\"}]}<\/script>\n<!-- \/ Yoast SEO plugin. -->","yoast_head_json":{"title":"Treora Nua - Go raibh maith agat - Coimisi\u00fan Toghch\u00e1in","robots":{"index":"index","follow":"follow","max-snippet":"max-snippet:-1","max-image-preview":"max-image-preview:large","max-video-preview":"max-video-preview:-1"},"canonical":"https:\/\/www.electoralcommission.ie\/ga\/treonna-nua-taighde-chun-tacu-le-toghchain-agus-an-daonlathas-i-ndomhan-ata-ag-athru\/treora-nua-go-raibh-maith-agat\/","og_locale":"ga_IE","og_type":"article","og_title":"Treora Nua - Go raibh maith agat - Coimisi\u00fan Toghch\u00e1in","og_description":"Bu\u00edochas leat as sp\u00e9is a l\u00e9iri\u00fa. Muna bhfuil \u00edosl\u00f3d\u00e1il tosaithe go huathoibr\u00edoch, is f\u00e9idir na\u00a0c\u00e1ip\u00e9is\u00ed uilig a \u00edosl\u00f3d\u00e1il anseo.\u00a0","og_url":"https:\/\/www.electoralcommission.ie\/ga\/treonna-nua-taighde-chun-tacu-le-toghchain-agus-an-daonlathas-i-ndomhan-ata-ag-athru\/treora-nua-go-raibh-maith-agat\/","og_site_name":"Coimisi\u00fan Toghch\u00e1in","article_modified_time":"2026-03-25T17:58:21+00:00","twitter_card":"summary_large_image","twitter_misc":{"Est. reading time":"1 minute"},"schema":{"@context":"https:\/\/schema.org","@graph":[{"@type":"WebPage","@id":"https:\/\/www.electoralcommission.ie\/ga\/treonna-nua-taighde-chun-tacu-le-toghchain-agus-an-daonlathas-i-ndomhan-ata-ag-athru\/treora-nua-go-raibh-maith-agat\/","url":"https:\/\/www.electoralcommission.ie\/ga\/treonna-nua-taighde-chun-tacu-le-toghchain-agus-an-daonlathas-i-ndomhan-ata-ag-athru\/treora-nua-go-raibh-maith-agat\/","name":"Treora Nua - Go raibh maith agat - Coimisi\u00fan Toghch\u00e1in","isPartOf":{"@id":"https:\/\/www.electoralcommission.ie\/ga\/#website"},"datePublished":"2026-03-25T17:56:56+00:00","dateModified":"2026-03-25T17:58:21+00:00","breadcrumb":{"@id":"https:\/\/www.electoralcommission.ie\/ga\/treonna-nua-taighde-chun-tacu-le-toghchain-agus-an-daonlathas-i-ndomhan-ata-ag-athru\/treora-nua-go-raibh-maith-agat\/#breadcrumb"},"inLanguage":"ga-IE","potentialAction":[{"@type":"ReadAction","target":["https:\/\/www.electoralcommission.ie\/ga\/treonna-nua-taighde-chun-tacu-le-toghchain-agus-an-daonlathas-i-ndomhan-ata-ag-athru\/treora-nua-go-raibh-maith-agat\/"]}]},{"@type":"BreadcrumbList","@id":"https:\/\/www.electoralcommission.ie\/ga\/treonna-nua-taighde-chun-tacu-le-toghchain-agus-an-daonlathas-i-ndomhan-ata-ag-athru\/treora-nua-go-raibh-maith-agat\/#breadcrumb","itemListElement":[{"@type":"ListItem","position":1,"name":"Baile","item":"https:\/\/www.electoralcommission.ie\/ga\/"},{"@type":"ListItem","position":2,"name":"Treonna Nua \u2013 Taighde chun tac\u00fa le Toghch\u00e1in agus an Daonlathas i nDomhan at\u00e1 ag Athr\u00fa.","item":"https:\/\/www.electoralcommission.ie\/ga\/treonna-nua-taighde-chun-tacu-le-toghchain-agus-an-daonlathas-i-ndomhan-ata-ag-athru\/"},{"@type":"ListItem","position":3,"name":"Treora Nua &#8211; Go raibh maith agat"}]},{"@type":"WebSite","@id":"https:\/\/www.electoralcommission.ie\/ga\/#website","url":"https:\/\/www.electoralcommission.ie\/ga\/","name":"Coimisi\u00fan Toghch\u00e1in","description":"Ireland&#039;s Statutory, Independent Electoral Commission","potentialAction":[{"@type":"SearchAction","target":{"@type":"EntryPoint","urlTemplate":"https:\/\/www.electoralcommission.ie\/ga\/?s={search_term_string}"},"query-input":{"@type":"PropertyValueSpecification","valueRequired":true,"valueName":"search_term_string"}}],"inLanguage":"ga-IE"}]}},"uagb_featured_image_src":{"full":false,"thumbnail":false,"medium":false,"medium_large":false,"large":false,"1536x1536":false,"2048x2048":false,"gform-image-choice-sm":false,"gform-image-choice-md":false,"gform-image-choice-lg":false},"uagb_author_info":{"display_name":"Tony","author_link":"https:\/\/www.electoralcommission.ie\/ga\/author\/tony\/"},"uagb_comment_info":0,"uagb_excerpt":"Bu\u00edochas leat as sp\u00e9is a l\u00e9iri\u00fa. Muna bhfuil \u00edosl\u00f3d\u00e1il tosaithe go huathoibr\u00edoch, is f\u00e9idir na\u00a0c\u00e1ip\u00e9is\u00ed uilig a \u00edosl\u00f3d\u00e1il anseo.\u00a0","_links":{"self":[{"href":"https:\/\/www.electoralcommission.ie\/ga\/wp-json\/wp\/v2\/pages\/15554","targetHints":{"allow":["GET"]}}],"collection":[{"href":"https:\/\/www.electoralcommission.ie\/ga\/wp-json\/wp\/v2\/pages"}],"about":[{"href":"https:\/\/www.electoralcommission.ie\/ga\/wp-json\/wp\/v2\/types\/page"}],"author":[{"embeddable":true,"href":"https:\/\/www.electoralcommission.ie\/ga\/wp-json\/wp\/v2\/users\/14"}],"replies":[{"embeddable":true,"href":"https:\/\/www.electoralcommission.ie\/ga\/wp-json\/wp\/v2\/comments?post=15554"}],"version-history":[{"count":2,"href":"https:\/\/www.electoralcommission.ie\/ga\/wp-json\/wp\/v2\/pages\/15554\/revisions"}],"predecessor-version":[{"id":15556,"href":"https:\/\/www.electoralcommission.ie\/ga\/wp-json\/wp\/v2\/pages\/15554\/revisions\/15556"}],"up":[{"embeddable":true,"href":"https:\/\/www.electoralcommission.ie\/ga\/wp-json\/wp\/v2\/pages\/15549"}],"wp:attachment":[{"href":"https:\/\/www.electoralcommission.ie\/ga\/wp-json\/wp\/v2\/media?parent=15554"}],"curies":[{"name":"wp","href":"https:\/\/api.w.org\/{rel}","templated":true}]}}

<p>Buíochas leat as spéis a léiriú. Muna bhfuil íoslódáil tosaithe go huathoibríoch, is féidir na <a href="https://uat.electoralcommission.ie/grant-application-pdf" type="link" id="https://uat.electoralcommission.ie/grant-application-pdf"><strong>cáipéisí uilig a íoslódáil anseo</strong>. </a></p>

<p>Buíochas leat as spéis a léiriú. Muna bhfuil íoslódáil tosaithe go huathoibríoch, is féidir na cáipéisí uilig a íoslódáil anseo. </p>

<!-- This site is optimized with the Yoast SEO plugin v27.5 - https://yoast.com/product/yoast-seo-wordpress/ -->
<title>Treora Nua - Go raibh maith agat - Coimisiún Toghcháin</title>
<meta name="robots" content="index, follow, max-snippet:-1, max-image-preview:large, max-video-preview:-1" />
<link rel="canonical" href="https://www.electoralcommission.ie/ga/treonna-nua-taighde-chun-tacu-le-toghchain-agus-an-daonlathas-i-ndomhan-ata-ag-athru/treora-nua-go-raibh-maith-agat/" />
<meta property="og:locale" content="ga_IE" />
<meta property="og:type" content="article" />
<meta property="og:title" content="Treora Nua - Go raibh maith agat - Coimisiún Toghcháin" />
<meta property="og:description" content="Buíochas leat as spéis a léiriú. Muna bhfuil íoslódáil tosaithe go huathoibríoch, is féidir na cáipéisí uilig a íoslódáil anseo. " />
<meta property="og:url" content="https://www.electoralcommission.ie/ga/treonna-nua-taighde-chun-tacu-le-toghchain-agus-an-daonlathas-i-ndomhan-ata-ag-athru/treora-nua-go-raibh-maith-agat/" />
<meta property="og:site_name" content="Coimisiún Toghcháin" />
<meta property="article:modified_time" content="2026-03-25T17:58:21+00:00" />
<meta name="twitter:card" content="summary_large_image" />
<meta name="twitter:label1" content="Est. reading time" />
	<meta name="twitter:data1" content="1 minute" />
<script type="application/ld+json" class="yoast-schema-graph">{"@context":"https:\/\/schema.org","@graph":[{"@type":"WebPage","@id":"https:\/\/www.electoralcommission.ie\/ga\/treonna-nua-taighde-chun-tacu-le-toghchain-agus-an-daonlathas-i-ndomhan-ata-ag-athru\/treora-nua-go-raibh-maith-agat\/","url":"https:\/\/www.electoralcommission.ie\/ga\/treonna-nua-taighde-chun-tacu-le-toghchain-agus-an-daonlathas-i-ndomhan-ata-ag-athru\/treora-nua-go-raibh-maith-agat\/","name":"Treora Nua - Go raibh maith agat - Coimisiún Toghcháin","isPartOf":{"@id":"https:\/\/www.electoralcommission.ie\/ga\/#website"},"datePublished":"2026-03-25T17:56:56+00:00","dateModified":"2026-03-25T17:58:21+00:00","breadcrumb":{"@id":"https:\/\/www.electoralcommission.ie\/ga\/treonna-nua-taighde-chun-tacu-le-toghchain-agus-an-daonlathas-i-ndomhan-ata-ag-athru\/treora-nua-go-raibh-maith-agat\/#breadcrumb"},"inLanguage":"ga-IE","potentialAction":[{"@type":"ReadAction","target":["https:\/\/www.electoralcommission.ie\/ga\/treonna-nua-taighde-chun-tacu-le-toghchain-agus-an-daonlathas-i-ndomhan-ata-ag-athru\/treora-nua-go-raibh-maith-agat\/"]}]},{"@type":"BreadcrumbList","@id":"https:\/\/www.electoralcommission.ie\/ga\/treonna-nua-taighde-chun-tacu-le-toghchain-agus-an-daonlathas-i-ndomhan-ata-ag-athru\/treora-nua-go-raibh-maith-agat\/#breadcrumb","itemListElement":[{"@type":"ListItem","position":1,"name":"Baile","item":"https:\/\/www.electoralcommission.ie\/ga\/"},{"@type":"ListItem","position":2,"name":"Treonna Nua – Taighde chun tacú le Toghcháin agus an Daonlathas i nDomhan atá ag Athrú.","item":"https:\/\/www.electoralcommission.ie\/ga\/treonna-nua-taighde-chun-tacu-le-toghchain-agus-an-daonlathas-i-ndomhan-ata-ag-athru\/"},{"@type":"ListItem","position":3,"name":"Treora Nua &#8211; Go raibh maith agat"}]},{"@type":"WebSite","@id":"https:\/\/www.electoralcommission.ie\/ga\/#website","url":"https:\/\/www.electoralcommission.ie\/ga\/","name":"Coimisiún Toghcháin","description":"Ireland&#039;s Statutory, Independent Electoral Commission","potentialAction":[{"@type":"SearchAction","target":{"@type":"EntryPoint","urlTemplate":"https:\/\/www.electoralcommission.ie\/ga\/?s={search_term_string}"},"query-input":{"@type":"PropertyValueSpecification","valueRequired":true,"valueName":"search_term_string"}}],"inLanguage":"ga-IE"}]}</script>
<!-- / Yoast SEO plugin. -->

Treora Nua - Go raibh maith agat - Coimisiún Toghcháin

Buíochas leat as spéis a léiriú. Muna bhfuil íoslódáil tosaithe go huathoibríoch, is féidir na cáipéisí uilig a íoslódáil anseo.

Coimisiún Toghcháin

Treonna Nua – Taighde chun tacú le Toghcháin agus an Daonlathas i nDomhan atá ag Athrú.
