
{"id":8545,"date":"2023-05-17T11:16:24","date_gmt":"2023-05-17T10:16:24","guid":{"rendered":"https:\/\/www.electoralcommission.ie\/ar-rialachas\/statement-of-strategy\/"},"modified":"2025-02-14T17:16:44","modified_gmt":"2025-02-14T17:16:44","slug":"raiteas-straiteise","status":"publish","type":"page","link":"https:\/\/www.electoralcommission.ie\/ga\/ar-rialachas\/raiteas-straiteise\/","title":{"rendered":"R\u00e1iteas Strait\u00e9ise"},"content":{"rendered":"\n<p>Gach tr\u00ed bliana, faoi alt 28 den Acht um Athch\u00f3iri\u00fa Toghch\u00e1in, ullmha\u00edmid r\u00e1iteas strait\u00e9ise a bh\u00edonn d\u00edrithe ar na ch\u00e9ad tr\u00ed bliana eile agus cuirtear faoi bhr\u00e1id an Chomhchoiste Oireachtais \u00e9.<\/p>\n\n\n\n<figure class=\"wp-block-image size-full is-style-default\"><a href=\"https:\/\/www.electoralcommission.ie\/app\/uploads\/2024\/08\/Strategy-Statement-2024-2026_Irish.pdf\"><img loading=\"lazy\" decoding=\"async\" width=\"634\" height=\"895\" src=\"https:\/\/www.electoralcommission.ie\/app\/uploads\/2025\/02\/Irish-StatementofStartegy.png\" alt=\"Irish cover of statement of strategy \" class=\"wp-image-12665\" style=\"box-shadow:var(--wp--preset--shadow--natural)\" srcset=\"https:\/\/www.electoralcommission.ie\/app\/uploads\/2025\/02\/Irish-StatementofStartegy.png 634w, https:\/\/www.electoralcommission.ie\/app\/uploads\/2025\/02\/Irish-StatementofStartegy-213x300.png 213w\" sizes=\"auto, (max-width: 634px) 100vw, 634px\" \/><\/a><\/figure>\n\n\n\n<p><\/p>\n","protected":false},"excerpt":{"rendered":"<p>Gach tr\u00ed bliana, faoi alt 28 den Acht um Athch\u00f3iri\u00fa Toghch\u00e1in, ullmha\u00edmid r\u00e1iteas strait\u00e9ise a bh\u00edonn d\u00edrithe ar na ch\u00e9ad tr\u00ed bliana eile agus cuirtear faoi bhr\u00e1id an Chomhchoiste Oireachtais \u00e9.<\/p>\n","protected":false},"author":1,"featured_media":0,"parent":8469,"menu_order":0,"comment_status":"closed","ping_status":"closed","template":"","meta":{"_acf_changed":false,"_relevanssi_hide_post":"","_relevanssi_hide_content":"","_relevanssi_pin_for_all":"","_relevanssi_pin_keywords":"","_relevanssi_unpin_keywords":"","_relevanssi_related_keywords":"","_relevanssi_related_include_ids":"","_relevanssi_related_exclude_ids":"","_relevanssi_related_no_append":"","_relevanssi_related_not_related":"","_relevanssi_related_posts":"10980,5031,9479,9785,5027,5033","_relevanssi_noindex_reason":"","_uag_custom_page_level_css":"","footnotes":""},"class_list":["post-8545","page","type-page","status-publish","hentry"],"acf":[],"yoast_head":"<!-- This site is optimized with the Yoast SEO plugin v27.5 - https:\/\/yoast.com\/product\/yoast-seo-wordpress\/ -->\n<title>R\u00e1iteas Strait\u00e9ise - Coimisi\u00fan Toghch\u00e1in<\/title>\n<meta name=\"robots\" content=\"index, follow, max-snippet:-1, max-image-preview:large, max-video-preview:-1\" \/>\n<link rel=\"canonical\" href=\"https:\/\/www.electoralcommission.ie\/ga\/ar-rialachas\/raiteas-straiteise\/\" \/>\n<meta property=\"og:locale\" content=\"ga_IE\" \/>\n<meta property=\"og:type\" content=\"article\" \/>\n<meta property=\"og:title\" content=\"R\u00e1iteas Strait\u00e9ise - Coimisi\u00fan Toghch\u00e1in\" \/>\n<meta property=\"og:description\" content=\"Gach tr\u00ed bliana, faoi alt 28 den Acht um Athch\u00f3iri\u00fa Toghch\u00e1in, ullmha\u00edmid r\u00e1iteas strait\u00e9ise a bh\u00edonn d\u00edrithe ar na ch\u00e9ad tr\u00ed bliana eile agus cuirtear faoi bhr\u00e1id an Chomhchoiste Oireachtais \u00e9.\" \/>\n<meta property=\"og:url\" content=\"https:\/\/www.electoralcommission.ie\/ga\/ar-rialachas\/raiteas-straiteise\/\" \/>\n<meta property=\"og:site_name\" content=\"Coimisi\u00fan Toghch\u00e1in\" \/>\n<meta property=\"article:modified_time\" content=\"2025-02-14T17:16:44+00:00\" \/>\n<meta property=\"og:image\" content=\"https:\/\/www.electoralcommission.ie\/app\/uploads\/2025\/02\/Irish-StatementofStartegy.png\" \/>\n<meta name=\"twitter:card\" content=\"summary_large_image\" \/>\n<meta name=\"twitter:label1\" content=\"Est. reading time\" \/>\n\t<meta name=\"twitter:data1\" content=\"1 minute\" \/>\n<script type=\"application\/ld+json\" class=\"yoast-schema-graph\">{\"@context\":\"https:\\\/\\\/schema.org\",\"@graph\":[{\"@type\":\"WebPage\",\"@id\":\"https:\\\/\\\/www.electoralcommission.ie\\\/ga\\\/ar-rialachas\\\/raiteas-straiteise\\\/\",\"url\":\"https:\\\/\\\/www.electoralcommission.ie\\\/ga\\\/ar-rialachas\\\/raiteas-straiteise\\\/\",\"name\":\"R\u00e1iteas Strait\u00e9ise - Coimisi\u00fan Toghch\u00e1in\",\"isPartOf\":{\"@id\":\"https:\\\/\\\/www.electoralcommission.ie\\\/ga\\\/#website\"},\"primaryImageOfPage\":{\"@id\":\"https:\\\/\\\/www.electoralcommission.ie\\\/ga\\\/ar-rialachas\\\/raiteas-straiteise\\\/#primaryimage\"},\"image\":{\"@id\":\"https:\\\/\\\/www.electoralcommission.ie\\\/ga\\\/ar-rialachas\\\/raiteas-straiteise\\\/#primaryimage\"},\"thumbnailUrl\":\"https:\\\/\\\/www.electoralcommission.ie\\\/app\\\/uploads\\\/2025\\\/02\\\/Irish-StatementofStartegy.png\",\"datePublished\":\"2023-05-17T10:16:24+00:00\",\"dateModified\":\"2025-02-14T17:16:44+00:00\",\"breadcrumb\":{\"@id\":\"https:\\\/\\\/www.electoralcommission.ie\\\/ga\\\/ar-rialachas\\\/raiteas-straiteise\\\/#breadcrumb\"},\"inLanguage\":\"ga-IE\",\"potentialAction\":[{\"@type\":\"ReadAction\",\"target\":[\"https:\\\/\\\/www.electoralcommission.ie\\\/ga\\\/ar-rialachas\\\/raiteas-straiteise\\\/\"]}]},{\"@type\":\"ImageObject\",\"inLanguage\":\"ga-IE\",\"@id\":\"https:\\\/\\\/www.electoralcommission.ie\\\/ga\\\/ar-rialachas\\\/raiteas-straiteise\\\/#primaryimage\",\"url\":\"https:\\\/\\\/www.electoralcommission.ie\\\/app\\\/uploads\\\/2025\\\/02\\\/Irish-StatementofStartegy.png\",\"contentUrl\":\"https:\\\/\\\/www.electoralcommission.ie\\\/app\\\/uploads\\\/2025\\\/02\\\/Irish-StatementofStartegy.png\"},{\"@type\":\"BreadcrumbList\",\"@id\":\"https:\\\/\\\/www.electoralcommission.ie\\\/ga\\\/ar-rialachas\\\/raiteas-straiteise\\\/#breadcrumb\",\"itemListElement\":[{\"@type\":\"ListItem\",\"position\":1,\"name\":\"Baile\",\"item\":\"https:\\\/\\\/www.electoralcommission.ie\\\/ga\\\/\"},{\"@type\":\"ListItem\",\"position\":2,\"name\":\"\u00c1r Rialachas\",\"item\":\"https:\\\/\\\/www.electoralcommission.ie\\\/ga\\\/ar-rialachas\\\/\"},{\"@type\":\"ListItem\",\"position\":3,\"name\":\"R\u00e1iteas Strait\u00e9ise\"}]},{\"@type\":\"WebSite\",\"@id\":\"https:\\\/\\\/www.electoralcommission.ie\\\/ga\\\/#website\",\"url\":\"https:\\\/\\\/www.electoralcommission.ie\\\/ga\\\/\",\"name\":\"Coimisi\u00fan Toghch\u00e1in\",\"description\":\"Ireland&#039;s Statutory, Independent Electoral Commission\",\"potentialAction\":[{\"@type\":\"SearchAction\",\"target\":{\"@type\":\"EntryPoint\",\"urlTemplate\":\"https:\\\/\\\/www.electoralcommission.ie\\\/ga\\\/?s={search_term_string}\"},\"query-input\":{\"@type\":\"PropertyValueSpecification\",\"valueRequired\":true,\"valueName\":\"search_term_string\"}}],\"inLanguage\":\"ga-IE\"}]}<\/script>\n<!-- \/ Yoast SEO plugin. -->","yoast_head_json":{"title":"R\u00e1iteas Strait\u00e9ise - Coimisi\u00fan Toghch\u00e1in","robots":{"index":"index","follow":"follow","max-snippet":"max-snippet:-1","max-image-preview":"max-image-preview:large","max-video-preview":"max-video-preview:-1"},"canonical":"https:\/\/www.electoralcommission.ie\/ga\/ar-rialachas\/raiteas-straiteise\/","og_locale":"ga_IE","og_type":"article","og_title":"R\u00e1iteas Strait\u00e9ise - Coimisi\u00fan Toghch\u00e1in","og_description":"Gach tr\u00ed bliana, faoi alt 28 den Acht um Athch\u00f3iri\u00fa Toghch\u00e1in, ullmha\u00edmid r\u00e1iteas strait\u00e9ise a bh\u00edonn d\u00edrithe ar na ch\u00e9ad tr\u00ed bliana eile agus cuirtear faoi bhr\u00e1id an Chomhchoiste Oireachtais \u00e9.","og_url":"https:\/\/www.electoralcommission.ie\/ga\/ar-rialachas\/raiteas-straiteise\/","og_site_name":"Coimisi\u00fan Toghch\u00e1in","article_modified_time":"2025-02-14T17:16:44+00:00","og_image":[{"url":"https:\/\/www.electoralcommission.ie\/app\/uploads\/2025\/02\/Irish-StatementofStartegy.png","type":"","width":"","height":""}],"twitter_card":"summary_large_image","twitter_misc":{"Est. reading time":"1 minute"},"schema":{"@context":"https:\/\/schema.org","@graph":[{"@type":"WebPage","@id":"https:\/\/www.electoralcommission.ie\/ga\/ar-rialachas\/raiteas-straiteise\/","url":"https:\/\/www.electoralcommission.ie\/ga\/ar-rialachas\/raiteas-straiteise\/","name":"R\u00e1iteas Strait\u00e9ise - Coimisi\u00fan Toghch\u00e1in","isPartOf":{"@id":"https:\/\/www.electoralcommission.ie\/ga\/#website"},"primaryImageOfPage":{"@id":"https:\/\/www.electoralcommission.ie\/ga\/ar-rialachas\/raiteas-straiteise\/#primaryimage"},"image":{"@id":"https:\/\/www.electoralcommission.ie\/ga\/ar-rialachas\/raiteas-straiteise\/#primaryimage"},"thumbnailUrl":"https:\/\/www.electoralcommission.ie\/app\/uploads\/2025\/02\/Irish-StatementofStartegy.png","datePublished":"2023-05-17T10:16:24+00:00","dateModified":"2025-02-14T17:16:44+00:00","breadcrumb":{"@id":"https:\/\/www.electoralcommission.ie\/ga\/ar-rialachas\/raiteas-straiteise\/#breadcrumb"},"inLanguage":"ga-IE","potentialAction":[{"@type":"ReadAction","target":["https:\/\/www.electoralcommission.ie\/ga\/ar-rialachas\/raiteas-straiteise\/"]}]},{"@type":"ImageObject","inLanguage":"ga-IE","@id":"https:\/\/www.electoralcommission.ie\/ga\/ar-rialachas\/raiteas-straiteise\/#primaryimage","url":"https:\/\/www.electoralcommission.ie\/app\/uploads\/2025\/02\/Irish-StatementofStartegy.png","contentUrl":"https:\/\/www.electoralcommission.ie\/app\/uploads\/2025\/02\/Irish-StatementofStartegy.png"},{"@type":"BreadcrumbList","@id":"https:\/\/www.electoralcommission.ie\/ga\/ar-rialachas\/raiteas-straiteise\/#breadcrumb","itemListElement":[{"@type":"ListItem","position":1,"name":"Baile","item":"https:\/\/www.electoralcommission.ie\/ga\/"},{"@type":"ListItem","position":2,"name":"\u00c1r Rialachas","item":"https:\/\/www.electoralcommission.ie\/ga\/ar-rialachas\/"},{"@type":"ListItem","position":3,"name":"R\u00e1iteas Strait\u00e9ise"}]},{"@type":"WebSite","@id":"https:\/\/www.electoralcommission.ie\/ga\/#website","url":"https:\/\/www.electoralcommission.ie\/ga\/","name":"Coimisi\u00fan Toghch\u00e1in","description":"Ireland&#039;s Statutory, Independent Electoral Commission","potentialAction":[{"@type":"SearchAction","target":{"@type":"EntryPoint","urlTemplate":"https:\/\/www.electoralcommission.ie\/ga\/?s={search_term_string}"},"query-input":{"@type":"PropertyValueSpecification","valueRequired":true,"valueName":"search_term_string"}}],"inLanguage":"ga-IE"}]}},"uagb_featured_image_src":{"full":false,"thumbnail":false,"medium":false,"medium_large":false,"large":false,"1536x1536":false,"2048x2048":false,"gform-image-choice-sm":false,"gform-image-choice-md":false,"gform-image-choice-lg":false},"uagb_author_info":{"display_name":"Jose","author_link":"https:\/\/www.electoralcommission.ie\/ga\/author\/jose\/"},"uagb_comment_info":0,"uagb_excerpt":"Gach tr\u00ed bliana, faoi alt 28 den Acht um Athch\u00f3iri\u00fa Toghch\u00e1in, ullmha\u00edmid r\u00e1iteas strait\u00e9ise a bh\u00edonn d\u00edrithe ar na ch\u00e9ad tr\u00ed bliana eile agus cuirtear faoi bhr\u00e1id an Chomhchoiste Oireachtais \u00e9.","_links":{"self":[{"href":"https:\/\/www.electoralcommission.ie\/ga\/wp-json\/wp\/v2\/pages\/8545","targetHints":{"allow":["GET"]}}],"collection":[{"href":"https:\/\/www.electoralcommission.ie\/ga\/wp-json\/wp\/v2\/pages"}],"about":[{"href":"https:\/\/www.electoralcommission.ie\/ga\/wp-json\/wp\/v2\/types\/page"}],"author":[{"embeddable":true,"href":"https:\/\/www.electoralcommission.ie\/ga\/wp-json\/wp\/v2\/users\/1"}],"replies":[{"embeddable":true,"href":"https:\/\/www.electoralcommission.ie\/ga\/wp-json\/wp\/v2\/comments?post=8545"}],"version-history":[{"count":5,"href":"https:\/\/www.electoralcommission.ie\/ga\/wp-json\/wp\/v2\/pages\/8545\/revisions"}],"predecessor-version":[{"id":12669,"href":"https:\/\/www.electoralcommission.ie\/ga\/wp-json\/wp\/v2\/pages\/8545\/revisions\/12669"}],"up":[{"embeddable":true,"href":"https:\/\/www.electoralcommission.ie\/ga\/wp-json\/wp\/v2\/pages\/8469"}],"wp:attachment":[{"href":"https:\/\/www.electoralcommission.ie\/ga\/wp-json\/wp\/v2\/media?parent=8545"}],"curies":[{"name":"wp","href":"https:\/\/api.w.org\/{rel}","templated":true}]}}

Ráiteas Straitéise

<p>Gach trí bliana, faoi alt 28 den Acht um Athchóiriú Toghcháin, ullmhaímid ráiteas straitéise a bhíonn dírithe ar na chéad trí bliana eile agus cuirtear faoi bhráid an Chomhchoiste Oireachtais é.</p>



<figure class="wp-block-image size-full is-style-default"><a href="https://www.electoralcommission.ie/app/uploads/2024/08/Strategy-Statement-2024-2026_Irish.pdf"><img loading="lazy" decoding="async" width="634" height="895" src="https://www.electoralcommission.ie/app/uploads/2025/02/Irish-StatementofStartegy.png" alt="Irish cover of statement of strategy " class="wp-image-12665" style="box-shadow:var(--wp--preset--shadow--natural)" srcset="https://www.electoralcommission.ie/app/uploads/2025/02/Irish-StatementofStartegy.png 634w, https://www.electoralcommission.ie/app/uploads/2025/02/Irish-StatementofStartegy-213x300.png 213w" sizes="auto, (max-width: 634px) 100vw, 634px" /></a></figure>



<p></p>

<p>Gach trí bliana, faoi alt 28 den Acht um Athchóiriú Toghcháin, ullmhaímid ráiteas straitéise a bhíonn dírithe ar na chéad trí bliana eile agus cuirtear faoi bhráid an Chomhchoiste Oireachtais é.</p>

<!-- This site is optimized with the Yoast SEO plugin v27.5 - https://yoast.com/product/yoast-seo-wordpress/ -->
<title>Ráiteas Straitéise - Coimisiún Toghcháin</title>
<meta name="robots" content="index, follow, max-snippet:-1, max-image-preview:large, max-video-preview:-1" />
<link rel="canonical" href="https://www.electoralcommission.ie/ga/ar-rialachas/raiteas-straiteise/" />
<meta property="og:locale" content="ga_IE" />
<meta property="og:type" content="article" />
<meta property="og:title" content="Ráiteas Straitéise - Coimisiún Toghcháin" />
<meta property="og:description" content="Gach trí bliana, faoi alt 28 den Acht um Athchóiriú Toghcháin, ullmhaímid ráiteas straitéise a bhíonn dírithe ar na chéad trí bliana eile agus cuirtear faoi bhráid an Chomhchoiste Oireachtais é." />
<meta property="og:url" content="https://www.electoralcommission.ie/ga/ar-rialachas/raiteas-straiteise/" />
<meta property="og:site_name" content="Coimisiún Toghcháin" />
<meta property="article:modified_time" content="2025-02-14T17:16:44+00:00" />
<meta property="og:image" content="https://www.electoralcommission.ie/app/uploads/2025/02/Irish-StatementofStartegy.png" />
<meta name="twitter:card" content="summary_large_image" />
<meta name="twitter:label1" content="Est. reading time" />
	<meta name="twitter:data1" content="1 minute" />
<script type="application/ld+json" class="yoast-schema-graph">{"@context":"https:\/\/schema.org","@graph":[{"@type":"WebPage","@id":"https:\/\/www.electoralcommission.ie\/ga\/ar-rialachas\/raiteas-straiteise\/","url":"https:\/\/www.electoralcommission.ie\/ga\/ar-rialachas\/raiteas-straiteise\/","name":"Ráiteas Straitéise - Coimisiún Toghcháin","isPartOf":{"@id":"https:\/\/www.electoralcommission.ie\/ga\/#website"},"primaryImageOfPage":{"@id":"https:\/\/www.electoralcommission.ie\/ga\/ar-rialachas\/raiteas-straiteise\/#primaryimage"},"image":{"@id":"https:\/\/www.electoralcommission.ie\/ga\/ar-rialachas\/raiteas-straiteise\/#primaryimage"},"thumbnailUrl":"https:\/\/www.electoralcommission.ie\/app\/uploads\/2025\/02\/Irish-StatementofStartegy.png","datePublished":"2023-05-17T10:16:24+00:00","dateModified":"2025-02-14T17:16:44+00:00","breadcrumb":{"@id":"https:\/\/www.electoralcommission.ie\/ga\/ar-rialachas\/raiteas-straiteise\/#breadcrumb"},"inLanguage":"ga-IE","potentialAction":[{"@type":"ReadAction","target":["https:\/\/www.electoralcommission.ie\/ga\/ar-rialachas\/raiteas-straiteise\/"]}]},{"@type":"ImageObject","inLanguage":"ga-IE","@id":"https:\/\/www.electoralcommission.ie\/ga\/ar-rialachas\/raiteas-straiteise\/#primaryimage","url":"https:\/\/www.electoralcommission.ie\/app\/uploads\/2025\/02\/Irish-StatementofStartegy.png","contentUrl":"https:\/\/www.electoralcommission.ie\/app\/uploads\/2025\/02\/Irish-StatementofStartegy.png"},{"@type":"BreadcrumbList","@id":"https:\/\/www.electoralcommission.ie\/ga\/ar-rialachas\/raiteas-straiteise\/#breadcrumb","itemListElement":[{"@type":"ListItem","position":1,"name":"Baile","item":"https:\/\/www.electoralcommission.ie\/ga\/"},{"@type":"ListItem","position":2,"name":"Ár Rialachas","item":"https:\/\/www.electoralcommission.ie\/ga\/ar-rialachas\/"},{"@type":"ListItem","position":3,"name":"Ráiteas Straitéise"}]},{"@type":"WebSite","@id":"https:\/\/www.electoralcommission.ie\/ga\/#website","url":"https:\/\/www.electoralcommission.ie\/ga\/","name":"Coimisiún Toghcháin","description":"Ireland&#039;s Statutory, Independent Electoral Commission","potentialAction":[{"@type":"SearchAction","target":{"@type":"EntryPoint","urlTemplate":"https:\/\/www.electoralcommission.ie\/ga\/?s={search_term_string}"},"query-input":{"@type":"PropertyValueSpecification","valueRequired":true,"valueName":"search_term_string"}}],"inLanguage":"ga-IE"}]}</script>
<!-- / Yoast SEO plugin. -->

Ráiteas Straitéise - Coimisiún Toghcháin

Gach trí bliana, faoi alt 28 den Acht um Athchóiriú Toghcháin, ullmhaímid ráiteas straitéise a bhíonn dírithe ar na chéad trí bliana eile agus cuirtear faoi bhráid an Chomhchoiste Oireachtais é.

Coimisiún Toghcháin

Ár Rialachas
