
{"id":9842,"date":"2023-05-17T11:15:08","date_gmt":"2023-05-17T10:15:08","guid":{"rendered":"https:\/\/www.electoralcommission.ie\/ar-rialachas\/an-chairt-um-sheirbhisi-do-chustaimeiri\/"},"modified":"2025-10-08T17:33:30","modified_gmt":"2025-10-08T16:33:30","slug":"an-chairt-sheirbhisi-do-chustaimeiri","status":"publish","type":"page","link":"https:\/\/www.electoralcommission.ie\/ga\/ar-rialachas\/an-chairt-sheirbhisi-do-chustaimeiri\/","title":{"rendered":"An Chairt Sheirbh\u00eds\u00ed do Chustaim\u00e9ir\u00ed"},"content":{"rendered":"\n<p>D\u00e9antar cur s\u00edos in\u00e1r gCairt Custaim\u00e9ir\u00ed ar an leibh\u00e9al seirbh\u00edse is f\u00e9idir leis an bpobal a bheith ag s\u00fail leis \u00f3n gCoimisi\u00fan Toghch\u00e1in.<\/p>\n\n\n\n<ul class=\"wp-block-list\">\n<li><a href=\"https:\/\/www.electoralcommission.ie\/app\/uploads\/2025\/10\/An-Chairt-um-Sheirbhisi-do-Chustaimeiri.docx\">An Chairt um Sheirbh\u00eds\u00ed do Chustaim\u00e9ir\u00ed (Word)<\/a><\/li>\n\n\n\n<li><a href=\"https:\/\/www.electoralcommission.ie\/app\/uploads\/2025\/10\/An-Chairt-um-Sheirbhisi-do-Chustaimeiri-tagged.pdf\">An Chairt um Sheirbh\u00eds\u00ed do Chustaim\u00e9ir\u00ed (PDF)<\/a><\/li>\n<\/ul>\n","protected":false},"excerpt":{"rendered":"<p>D\u00e9anann an Chairt Chustaim\u00e9ir\u00ed cur s\u00edos ar an leibh\u00e9al seirbh\u00edse ar f\u00e9idir le custaim\u00e9ir\u00ed a bheith ag s\u00fail leis \u00f3n gCoimisi\u00fan Toghch\u00e1in.<\/p>\n","protected":false},"author":17,"featured_media":0,"parent":8469,"menu_order":0,"comment_status":"closed","ping_status":"closed","template":"","meta":{"_acf_changed":false,"_relevanssi_hide_post":"","_relevanssi_hide_content":"","_relevanssi_pin_for_all":"","_relevanssi_pin_keywords":"","_relevanssi_unpin_keywords":"","_relevanssi_related_keywords":"","_relevanssi_related_include_ids":"","_relevanssi_related_exclude_ids":"","_relevanssi_related_no_append":"","_relevanssi_related_not_related":"","_relevanssi_related_posts":"14721,5671,11229,9788,11584,11588","_relevanssi_noindex_reason":"","_uag_custom_page_level_css":"","footnotes":""},"class_list":["post-9842","page","type-page","status-publish","hentry"],"acf":[],"yoast_head":"<!-- This site is optimized with the Yoast SEO plugin v27.5 - https:\/\/yoast.com\/product\/yoast-seo-wordpress\/ -->\n<title>An Chairt Sheirbh\u00eds\u00ed do Chustaim\u00e9ir\u00ed - Coimisi\u00fan Toghch\u00e1in<\/title>\n<meta name=\"robots\" content=\"index, follow, max-snippet:-1, max-image-preview:large, max-video-preview:-1\" \/>\n<link rel=\"canonical\" href=\"https:\/\/www.electoralcommission.ie\/ga\/ar-rialachas\/an-chairt-sheirbhisi-do-chustaimeiri\/\" \/>\n<meta property=\"og:locale\" content=\"ga_IE\" \/>\n<meta property=\"og:type\" content=\"article\" \/>\n<meta property=\"og:title\" content=\"An Chairt Sheirbh\u00eds\u00ed do Chustaim\u00e9ir\u00ed - Coimisi\u00fan Toghch\u00e1in\" \/>\n<meta property=\"og:description\" content=\"D\u00e9anann an Chairt Chustaim\u00e9ir\u00ed cur s\u00edos ar an leibh\u00e9al seirbh\u00edse ar f\u00e9idir le custaim\u00e9ir\u00ed a bheith ag s\u00fail leis \u00f3n gCoimisi\u00fan Toghch\u00e1in.\" \/>\n<meta property=\"og:url\" content=\"https:\/\/www.electoralcommission.ie\/ga\/ar-rialachas\/an-chairt-sheirbhisi-do-chustaimeiri\/\" \/>\n<meta property=\"og:site_name\" content=\"Coimisi\u00fan Toghch\u00e1in\" \/>\n<meta property=\"article:modified_time\" content=\"2025-10-08T16:33:30+00:00\" \/>\n<meta name=\"twitter:card\" content=\"summary_large_image\" \/>\n<meta name=\"twitter:label1\" content=\"Est. reading time\" \/>\n\t<meta name=\"twitter:data1\" content=\"1 minute\" \/>\n<script type=\"application\/ld+json\" class=\"yoast-schema-graph\">{\"@context\":\"https:\\\/\\\/schema.org\",\"@graph\":[{\"@type\":\"WebPage\",\"@id\":\"https:\\\/\\\/www.electoralcommission.ie\\\/ga\\\/ar-rialachas\\\/an-chairt-sheirbhisi-do-chustaimeiri\\\/\",\"url\":\"https:\\\/\\\/www.electoralcommission.ie\\\/ga\\\/ar-rialachas\\\/an-chairt-sheirbhisi-do-chustaimeiri\\\/\",\"name\":\"An Chairt Sheirbh\u00eds\u00ed do Chustaim\u00e9ir\u00ed - Coimisi\u00fan Toghch\u00e1in\",\"isPartOf\":{\"@id\":\"https:\\\/\\\/www.electoralcommission.ie\\\/ga\\\/#website\"},\"datePublished\":\"2023-05-17T10:15:08+00:00\",\"dateModified\":\"2025-10-08T16:33:30+00:00\",\"breadcrumb\":{\"@id\":\"https:\\\/\\\/www.electoralcommission.ie\\\/ga\\\/ar-rialachas\\\/an-chairt-sheirbhisi-do-chustaimeiri\\\/#breadcrumb\"},\"inLanguage\":\"ga-IE\",\"potentialAction\":[{\"@type\":\"ReadAction\",\"target\":[\"https:\\\/\\\/www.electoralcommission.ie\\\/ga\\\/ar-rialachas\\\/an-chairt-sheirbhisi-do-chustaimeiri\\\/\"]}]},{\"@type\":\"BreadcrumbList\",\"@id\":\"https:\\\/\\\/www.electoralcommission.ie\\\/ga\\\/ar-rialachas\\\/an-chairt-sheirbhisi-do-chustaimeiri\\\/#breadcrumb\",\"itemListElement\":[{\"@type\":\"ListItem\",\"position\":1,\"name\":\"Baile\",\"item\":\"https:\\\/\\\/www.electoralcommission.ie\\\/ga\\\/\"},{\"@type\":\"ListItem\",\"position\":2,\"name\":\"\u00c1r Rialachas\",\"item\":\"https:\\\/\\\/www.electoralcommission.ie\\\/ga\\\/ar-rialachas\\\/\"},{\"@type\":\"ListItem\",\"position\":3,\"name\":\"An Chairt Sheirbh\u00eds\u00ed do Chustaim\u00e9ir\u00ed\"}]},{\"@type\":\"WebSite\",\"@id\":\"https:\\\/\\\/www.electoralcommission.ie\\\/ga\\\/#website\",\"url\":\"https:\\\/\\\/www.electoralcommission.ie\\\/ga\\\/\",\"name\":\"Coimisi\u00fan Toghch\u00e1in\",\"description\":\"Ireland&#039;s Statutory, Independent Electoral Commission\",\"potentialAction\":[{\"@type\":\"SearchAction\",\"target\":{\"@type\":\"EntryPoint\",\"urlTemplate\":\"https:\\\/\\\/www.electoralcommission.ie\\\/ga\\\/?s={search_term_string}\"},\"query-input\":{\"@type\":\"PropertyValueSpecification\",\"valueRequired\":true,\"valueName\":\"search_term_string\"}}],\"inLanguage\":\"ga-IE\"}]}<\/script>\n<!-- \/ Yoast SEO plugin. -->","yoast_head_json":{"title":"An Chairt Sheirbh\u00eds\u00ed do Chustaim\u00e9ir\u00ed - Coimisi\u00fan Toghch\u00e1in","robots":{"index":"index","follow":"follow","max-snippet":"max-snippet:-1","max-image-preview":"max-image-preview:large","max-video-preview":"max-video-preview:-1"},"canonical":"https:\/\/www.electoralcommission.ie\/ga\/ar-rialachas\/an-chairt-sheirbhisi-do-chustaimeiri\/","og_locale":"ga_IE","og_type":"article","og_title":"An Chairt Sheirbh\u00eds\u00ed do Chustaim\u00e9ir\u00ed - Coimisi\u00fan Toghch\u00e1in","og_description":"D\u00e9anann an Chairt Chustaim\u00e9ir\u00ed cur s\u00edos ar an leibh\u00e9al seirbh\u00edse ar f\u00e9idir le custaim\u00e9ir\u00ed a bheith ag s\u00fail leis \u00f3n gCoimisi\u00fan Toghch\u00e1in.","og_url":"https:\/\/www.electoralcommission.ie\/ga\/ar-rialachas\/an-chairt-sheirbhisi-do-chustaimeiri\/","og_site_name":"Coimisi\u00fan Toghch\u00e1in","article_modified_time":"2025-10-08T16:33:30+00:00","twitter_card":"summary_large_image","twitter_misc":{"Est. reading time":"1 minute"},"schema":{"@context":"https:\/\/schema.org","@graph":[{"@type":"WebPage","@id":"https:\/\/www.electoralcommission.ie\/ga\/ar-rialachas\/an-chairt-sheirbhisi-do-chustaimeiri\/","url":"https:\/\/www.electoralcommission.ie\/ga\/ar-rialachas\/an-chairt-sheirbhisi-do-chustaimeiri\/","name":"An Chairt Sheirbh\u00eds\u00ed do Chustaim\u00e9ir\u00ed - Coimisi\u00fan Toghch\u00e1in","isPartOf":{"@id":"https:\/\/www.electoralcommission.ie\/ga\/#website"},"datePublished":"2023-05-17T10:15:08+00:00","dateModified":"2025-10-08T16:33:30+00:00","breadcrumb":{"@id":"https:\/\/www.electoralcommission.ie\/ga\/ar-rialachas\/an-chairt-sheirbhisi-do-chustaimeiri\/#breadcrumb"},"inLanguage":"ga-IE","potentialAction":[{"@type":"ReadAction","target":["https:\/\/www.electoralcommission.ie\/ga\/ar-rialachas\/an-chairt-sheirbhisi-do-chustaimeiri\/"]}]},{"@type":"BreadcrumbList","@id":"https:\/\/www.electoralcommission.ie\/ga\/ar-rialachas\/an-chairt-sheirbhisi-do-chustaimeiri\/#breadcrumb","itemListElement":[{"@type":"ListItem","position":1,"name":"Baile","item":"https:\/\/www.electoralcommission.ie\/ga\/"},{"@type":"ListItem","position":2,"name":"\u00c1r Rialachas","item":"https:\/\/www.electoralcommission.ie\/ga\/ar-rialachas\/"},{"@type":"ListItem","position":3,"name":"An Chairt Sheirbh\u00eds\u00ed do Chustaim\u00e9ir\u00ed"}]},{"@type":"WebSite","@id":"https:\/\/www.electoralcommission.ie\/ga\/#website","url":"https:\/\/www.electoralcommission.ie\/ga\/","name":"Coimisi\u00fan Toghch\u00e1in","description":"Ireland&#039;s Statutory, Independent Electoral Commission","potentialAction":[{"@type":"SearchAction","target":{"@type":"EntryPoint","urlTemplate":"https:\/\/www.electoralcommission.ie\/ga\/?s={search_term_string}"},"query-input":{"@type":"PropertyValueSpecification","valueRequired":true,"valueName":"search_term_string"}}],"inLanguage":"ga-IE"}]}},"uagb_featured_image_src":{"full":false,"thumbnail":false,"medium":false,"medium_large":false,"large":false,"1536x1536":false,"2048x2048":false,"gform-image-choice-sm":false,"gform-image-choice-md":false,"gform-image-choice-lg":false},"uagb_author_info":{"display_name":"Felippe","author_link":"https:\/\/www.electoralcommission.ie\/ga\/author\/felippe\/"},"uagb_comment_info":0,"uagb_excerpt":"D\u00e9anann an Chairt Chustaim\u00e9ir\u00ed cur s\u00edos ar an leibh\u00e9al seirbh\u00edse ar f\u00e9idir le custaim\u00e9ir\u00ed a bheith ag s\u00fail leis \u00f3n gCoimisi\u00fan Toghch\u00e1in.","_links":{"self":[{"href":"https:\/\/www.electoralcommission.ie\/ga\/wp-json\/wp\/v2\/pages\/9842","targetHints":{"allow":["GET"]}}],"collection":[{"href":"https:\/\/www.electoralcommission.ie\/ga\/wp-json\/wp\/v2\/pages"}],"about":[{"href":"https:\/\/www.electoralcommission.ie\/ga\/wp-json\/wp\/v2\/types\/page"}],"author":[{"embeddable":true,"href":"https:\/\/www.electoralcommission.ie\/ga\/wp-json\/wp\/v2\/users\/17"}],"replies":[{"embeddable":true,"href":"https:\/\/www.electoralcommission.ie\/ga\/wp-json\/wp\/v2\/comments?post=9842"}],"version-history":[{"count":8,"href":"https:\/\/www.electoralcommission.ie\/ga\/wp-json\/wp\/v2\/pages\/9842\/revisions"}],"predecessor-version":[{"id":14772,"href":"https:\/\/www.electoralcommission.ie\/ga\/wp-json\/wp\/v2\/pages\/9842\/revisions\/14772"}],"up":[{"embeddable":true,"href":"https:\/\/www.electoralcommission.ie\/ga\/wp-json\/wp\/v2\/pages\/8469"}],"wp:attachment":[{"href":"https:\/\/www.electoralcommission.ie\/ga\/wp-json\/wp\/v2\/media?parent=9842"}],"curies":[{"name":"wp","href":"https:\/\/api.w.org\/{rel}","templated":true}]}}

An Chairt Sheirbhísí do Chustaiméirí

<p>Déantar cur síos inár gCairt Custaiméirí ar an leibhéal seirbhíse is féidir leis an bpobal a bheith ag súil leis ón gCoimisiún Toghcháin.</p>



<ul class="wp-block-list">
<li><a href="https://www.electoralcommission.ie/app/uploads/2025/10/An-Chairt-um-Sheirbhisi-do-Chustaimeiri.docx">An Chairt um Sheirbhísí do Chustaiméirí (Word)</a></li>



<li><a href="https://www.electoralcommission.ie/app/uploads/2025/10/An-Chairt-um-Sheirbhisi-do-Chustaimeiri-tagged.pdf">An Chairt um Sheirbhísí do Chustaiméirí (PDF)</a></li>
</ul>

<p>Déanann an Chairt Chustaiméirí cur síos ar an leibhéal seirbhíse ar féidir le custaiméirí a bheith ag súil leis ón gCoimisiún Toghcháin.</p>

<!-- This site is optimized with the Yoast SEO plugin v27.5 - https://yoast.com/product/yoast-seo-wordpress/ -->
<title>An Chairt Sheirbhísí do Chustaiméirí - Coimisiún Toghcháin</title>
<meta name="robots" content="index, follow, max-snippet:-1, max-image-preview:large, max-video-preview:-1" />
<link rel="canonical" href="https://www.electoralcommission.ie/ga/ar-rialachas/an-chairt-sheirbhisi-do-chustaimeiri/" />
<meta property="og:locale" content="ga_IE" />
<meta property="og:type" content="article" />
<meta property="og:title" content="An Chairt Sheirbhísí do Chustaiméirí - Coimisiún Toghcháin" />
<meta property="og:description" content="Déanann an Chairt Chustaiméirí cur síos ar an leibhéal seirbhíse ar féidir le custaiméirí a bheith ag súil leis ón gCoimisiún Toghcháin." />
<meta property="og:url" content="https://www.electoralcommission.ie/ga/ar-rialachas/an-chairt-sheirbhisi-do-chustaimeiri/" />
<meta property="og:site_name" content="Coimisiún Toghcháin" />
<meta property="article:modified_time" content="2025-10-08T16:33:30+00:00" />
<meta name="twitter:card" content="summary_large_image" />
<meta name="twitter:label1" content="Est. reading time" />
	<meta name="twitter:data1" content="1 minute" />
<script type="application/ld+json" class="yoast-schema-graph">{"@context":"https:\/\/schema.org","@graph":[{"@type":"WebPage","@id":"https:\/\/www.electoralcommission.ie\/ga\/ar-rialachas\/an-chairt-sheirbhisi-do-chustaimeiri\/","url":"https:\/\/www.electoralcommission.ie\/ga\/ar-rialachas\/an-chairt-sheirbhisi-do-chustaimeiri\/","name":"An Chairt Sheirbhísí do Chustaiméirí - Coimisiún Toghcháin","isPartOf":{"@id":"https:\/\/www.electoralcommission.ie\/ga\/#website"},"datePublished":"2023-05-17T10:15:08+00:00","dateModified":"2025-10-08T16:33:30+00:00","breadcrumb":{"@id":"https:\/\/www.electoralcommission.ie\/ga\/ar-rialachas\/an-chairt-sheirbhisi-do-chustaimeiri\/#breadcrumb"},"inLanguage":"ga-IE","potentialAction":[{"@type":"ReadAction","target":["https:\/\/www.electoralcommission.ie\/ga\/ar-rialachas\/an-chairt-sheirbhisi-do-chustaimeiri\/"]}]},{"@type":"BreadcrumbList","@id":"https:\/\/www.electoralcommission.ie\/ga\/ar-rialachas\/an-chairt-sheirbhisi-do-chustaimeiri\/#breadcrumb","itemListElement":[{"@type":"ListItem","position":1,"name":"Baile","item":"https:\/\/www.electoralcommission.ie\/ga\/"},{"@type":"ListItem","position":2,"name":"Ár Rialachas","item":"https:\/\/www.electoralcommission.ie\/ga\/ar-rialachas\/"},{"@type":"ListItem","position":3,"name":"An Chairt Sheirbhísí do Chustaiméirí"}]},{"@type":"WebSite","@id":"https:\/\/www.electoralcommission.ie\/ga\/#website","url":"https:\/\/www.electoralcommission.ie\/ga\/","name":"Coimisiún Toghcháin","description":"Ireland&#039;s Statutory, Independent Electoral Commission","potentialAction":[{"@type":"SearchAction","target":{"@type":"EntryPoint","urlTemplate":"https:\/\/www.electoralcommission.ie\/ga\/?s={search_term_string}"},"query-input":{"@type":"PropertyValueSpecification","valueRequired":true,"valueName":"search_term_string"}}],"inLanguage":"ga-IE"}]}</script>
<!-- / Yoast SEO plugin. -->

An Chairt Sheirbhísí do Chustaiméirí - Coimisiún Toghcháin

Déanann an Chairt Chustaiméirí cur síos ar an leibhéal seirbhíse ar féidir le custaiméirí a bheith ag súil leis ón gCoimisiún Toghcháin.

Coimisiún Toghcháin

Ár Rialachas
